t is the greatest common divisor of 329 and 517?
47
Calculate the highest common divisor of 35 and 1211.
7
What is the highest common divisor of 7183 and 88?
11
What is the highest common divisor of 164 and 32?
4
Calculate the highest common divisor of 20 and 30.
10
Calculate the greatest common factor of 804 and 52.
4
Calculate the greatest common factor of 3698 and 129.
43
Calculate the highest common divisor of 25 and 225.
25
Calculate the greatest common factor of 9 and 15.
3
What is the highest common divisor of 688 and 43?
43
What is the highest common divisor of 341 and 55?
11
Calculate the highest common divisor of 564 and 84.
12
Calculate the highest common factor of 210 and 5180.
70
Calculate the highest common factor of 120 and 15.
15
Calculate the greatest common divisor of 444 and 740.
148
What is the highest common factor of 32 and 88?
8
Calculate the greatest common divisor of 33 and 6.
3
What is the greatest common factor of 82 and 943?
41
Calculate the highest common factor of 345 and 1058.
23
Calculate the highest common factor of 247 and 117.
13
Calculate the greatest common factor of 8 and 622.
2
What is the highest common factor of 9 and 6543?
9
What is the highest common divisor of 1440 and 8?
8
What is the highest common factor of 9 and 3?
3
Calculate the highest common divisor of 252 and 612.
36
What is the greatest common factor of 5 and 185?
5
What is the highest common divisor of 22 and 6809?
11
Calculate the greatest common divisor of 352 and 22.
22
Calculate the highest common factor of 12 and 228.
12
Calculate the greatest common divisor of 22 and 957.
11
Calculate the highest common factor of 143 and 44.
11
Calculate the highest common factor of 13 and 4.
1
Calculate the highest common divisor of 10 and 32.
2
What is the highest common divisor of 1775 and 200?
25
Calculate the greatest common divisor of 1056 and 32.
32
What is the greatest common divisor of 1862 and 646?
38
Calculate the highest common divisor of 166 and 747.
83
What is the highest common divisor of 520 and 2665?
65
Calculate the greatest common divisor of 1752 and 12.
12
What is the highest common factor of 21 and 57?
3
Calculate the highest common factor of 126 and 354.
6
What is the greatest common factor of 6291 and 54?
27
What is the greatest common divisor of 9006 and 158?
158
What is the greatest common factor of 264 and 48?
24
Calculate the highest common factor of 629 and 925.
37
What is the greatest common divisor of 6027 and 98?
49
What is the highest common divisor of 10 and 1270?
10
Calculate the highest common factor of 36 and 45.
9
Calculate the highest common divisor of 273 and 1443.
39
What is the greatest common divisor of 143 and 507?
13
Calculate the highest common divisor of 27 and 477.
9
Calculate the highest common factor of 609 and 145.
29
What is the highest common divisor of 120 and 42680?
40
What is the highest common factor of 52 and 2353?
13
Calculate the highest common factor of 1274 and 196.
98
What is the highest common factor of 103 and 309?
103
Calculate the greatest common factor of 510 and 60.
30
What is the greatest common factor of 712 and 124?
4
What is the highest common divisor of 12555 and 324?
81
Calculate the greatest common factor of 366 and 9.
3
What is the greatest common divisor of 161 and 273?
7
What is the highest common factor of 1023 and 66?
33
Calculate the highest common factor of 11 and 33.
11
Calculate the greatest common divisor of 2702 and 14.
14
What is the greatest common factor of 14112 and 64?
32
Calculate the greatest common factor of 10 and 5530.
10
Calculate the greatest common factor of 130 and 110.
10
What is the greatest common divisor of 4020 and 60?
60
What is the highest common divisor of 245 and 7?
7
Calculate the greatest common divisor of 120 and 20.
20
Calculate the highest common factor of 55 and 2635.
5
Calculate the greatest common factor of 297 and 81.
27
What is the greatest common divisor of 2413 and 38?
19
Calculate the highest common factor of 1190 and 17.
17
What is the highest common factor of 270 and 27?
27
What is the highest common factor of 7224 and 96?
24
What is the greatest common factor of 108 and 2322?
54
What is the greatest common divisor of 784 and 224?
112
What is the greatest common factor of 100 and 24?
4
Calculate the highest common factor of 26 and 20202.
26
What is the greatest common divisor of 46 and 23966?
46
What is the highest common divisor of 140 and 22680?
140
Calculate the greatest common divisor of 774 and 344.
86
What is the highest common factor of 30 and 114?
6
Calculate the highest common divisor of 500 and 18000.
500
What is the greatest common divisor of 64 and 576?
64
What is the highest common divisor of 2033 and 856?
107
Calculate the greatest common factor of 198 and 22.
22
What is the highest common divisor of 260 and 40?
20
What is the greatest common factor of 7200 and 336?
48
What is the highest common divisor of 456 and 1026?
114
What is the greatest common factor of 12 and 24?
12
What is the greatest common factor of 184 and 60?
4
Calculate the highest common divisor of 100 and 160.
20
Calculate the greatest common divisor of 64 and 176.
16
What is the highest common factor of 58 and 174?
58
What is the greatest common divisor of 6 and 9?
3
Calculate the highest common divisor of 1225 and 147.
49
What is the greatest common factor of 111 and 518?
37
Calculate the greatest common divisor of 351 and 108.
27
Calculate the highest common divisor of 5933 and 17.
17
What is the greatest common factor of 533 and 143?
13
What is the greatest common factor of 102 and 1479?
51
Calculate the highest common factor of 70 and 6.
2
Calculate the greatest common factor of 24978 and 23.
23
Calculate the greatest common factor of 3136 and 576.
64
What is the greatest common divisor of 2233 and 847?
77
What is the highest common factor of 868 and 28?
28
What is the highest common divisor of 165 and 1?
1
Calculate the greatest common divisor of 144 and 160.
16
What is the greatest common divisor of 2025 and 3975?
75
What is the greatest common divisor of 9 and 783?
9
Calculate the highest common divisor of 234 and 27.
9
Calculate the greatest common divisor of 736 and 115.
23
What is the highest common divisor of 5415 and 75?
15
What is the greatest common divisor of 95 and 10?
5
Calculate the greatest common divisor of 10 and 1000.
10
Calculate the greatest common factor of 81 and 9.
9
Calculate the highest common divisor of 798 and 21.
21
Calculate the greatest common factor of 1 and 233.
1
Calculate the greatest common factor of 57 and 722.
19
What is the greatest common factor of 2 and 16?
2
Calculate the highest common factor of 413 and 259.
7
Calculate the highest common divisor of 650 and 52.
26
What is the greatest common factor of 403 and 2236?
13
What is the greatest common divisor of 2 and 270?
2
Calculate the greatest common factor of 221 and 13.
13
What is the highest common divisor of 2550 and 1734?
102
What is the greatest common divisor of 344 and 16?
8
Calculate the highest common divisor of 736 and 690.
46
What is the highest common factor of 27 and 16173?
27
What is the greatest common factor of 5404 and 140?
28
What is the greatest common divisor of 2304 and 720?
144
Calculate the highest common factor of 468 and 738.
18
Calculate the highest common factor of 6 and 10086.
6
Calculate the highest common factor of 10 and 1415.
5
Calculate the greatest common factor of 36 and 156.
12
What is the greatest common divisor of 4633 and 164?
41
What is the highest common divisor of 405 and 270?
135
Calculate the highest common factor of 1771 and 77.
77
What is the greatest common divisor of 2 and 676?
2
What is the greatest common divisor of 481 and 37?
37
What is the highest common factor of 78 and 3926?
26
Calculate the greatest common divisor of 1397 and 11.
11
Calculate the greatest common factor of 825 and 60.
15
What is the highest common divisor of 140 and 100?
20
What is the greatest common divisor of 6 and 338?
2
What is the greatest common factor of 2664 and 36?
36
Calculate the greatest common factor of 99 and 594.
99
What is the highest common divisor of 71 and 19?
1
What is the highest common factor of 11 and 5